{"id":2710,"date":"2023-12-20T12:41:17","date_gmt":"2023-12-20T11:41:17","guid":{"rendered":"https:\/\/www.smartbrain.es\/smartbrain_it\/?page_id=2710"},"modified":"2026-01-26T11:56:04","modified_gmt":"2026-01-26T10:56:04","slug":"opciones-de-uso","status":"publish","type":"page","link":"https:\/\/www.smartbrain.es\/smartbrain_it\/opciones-de-uso\/","title":{"rendered":"Opciones de uso"},"content":{"rendered":"\t\t<div data-elementor-type=\"wp-page\" data-elementor-id=\"2710\" class=\"elementor elementor-2710\">\n\t\t\t\t\t\t<section class=\"elementor-section elementor-top-section elementor-element elementor-element-5ec45752 elementor-section-stretched overflow-hidden elementor-section-full_width elementor-section-content-top elementor-section-height-default elementor-section-height-default\" data-id=\"5ec45752\" data-element_type=\"section\" data-e-type=\"section\" data-settings=\"{&quot;stretch_section&quot;:&quot;section-stretched&quot;}\">\n\t\t\t\t\t\t<div class=\"elementor-container elementor-column-gap-no\">\n\t\t\t\t\t<div class=\"elementor-column elementor-col-100 elementor-top-column elementor-element elementor-element-64f99391\" data-id=\"64f99391\" data-element_type=\"column\" data-e-type=\"column\" data-settings=\"{&quot;background_background&quot;:&quot;slideshow&quot;,&quot;background_slideshow_gallery&quot;:[{&quot;id&quot;:3308,&quot;url&quot;:&quot;https:\\\/\\\/www.smartbrain.es\\\/smartbrain_it\\\/wp-content\\\/uploads\\\/2024\\\/01\\\/Opciones2-copia.jpeg&quot;},{&quot;id&quot;:3311,&quot;url&quot;:&quot;https:\\\/\\\/www.smartbrain.es\\\/smartbrain_it\\\/wp-content\\\/uploads\\\/2024\\\/01\\\/Opciones5-copia.jpeg&quot;},{&quot;id&quot;:4268,&quot;url&quot;:&quot;https:\\\/\\\/www.smartbrain.es\\\/smartbrain_it\\\/wp-content\\\/uploads\\\/2024\\\/02\\\/usos-500.jpg&quot;}],&quot;background_slideshow_transition_duration&quot;:1000,&quot;background_slideshow_loop&quot;:&quot;yes&quot;,&quot;background_slideshow_slide_duration&quot;:5000,&quot;background_slideshow_slide_transition&quot;:&quot;fade&quot;}\">\n\t\t\t<div class=\"elementor-widget-wrap elementor-element-populated\">\n\t\t\t\t\t\t<div class=\"elementor-element elementor-element-351bf71e elementor-widget elementor-widget-text-editor\" data-id=\"351bf71e\" data-element_type=\"widget\" data-e-type=\"widget\" data-widget_type=\"text-editor.default\">\n\t\t\t\t<div class=\"elementor-widget-container\">\n\t\t\t\t\t\t\t\t\t<p><span style=\"font-weight: var(--bs-body-font-weight); text-align: var(--bs-body-text-align);\">Grazie a Smartbrain, sia i professionisti che i individui possono eseguire la stimolazione cognitiva in modo pratico e economico<\/span><\/p>\t\t\t\t\t\t\t\t<\/div>\n\t\t\t\t<\/div>\n\t\t\t\t<div class=\"elementor-element elementor-element-81da5a2 elementor-align-left elementor-mobile-align-left elementor-widget elementor-widget-button\" data-id=\"81da5a2\" data-element_type=\"widget\" data-e-type=\"widget\" data-widget_type=\"button.default\">\n\t\t\t\t<div class=\"elementor-widget-container\">\n\t\t\t\t\t\t\t\t\t<div class=\"elementor-button-wrapper\">\n\t\t\t\t\t<a class=\"elementor-button elementor-button-link elementor-size-sm\" href=\"#demo-prof\" id=\"familias\">\n\t\t\t\t\t\t<span class=\"elementor-button-content-wrapper\">\n\t\t\t\t\t\t\t\t\t<span class=\"elementor-button-text\">Richiedi la tua prova gratuita<\/span>\n\t\t\t\t\t<\/span>\n\t\t\t\t\t<\/a>\n\t\t\t\t<\/div>\n\t\t\t\t\t\t\t\t<\/div>\n\t\t\t\t<\/div>\n\t\t\t\t\t<\/div>\n\t\t<\/div>\n\t\t\t\t\t<\/div>\n\t\t<\/section>\n\t\t<div class=\"elementor-element elementor-element-50d7a58 e-flex e-con-boxed e-con e-parent\" data-id=\"50d7a58\" data-element_type=\"container\" data-e-type=\"container\">\n\t\t\t\t\t<div class=\"e-con-inner\">\n\t\t<div class=\"elementor-element elementor-element-391e290 e-con-full e-flex e-con e-child\" data-id=\"391e290\" data-element_type=\"container\" data-e-type=\"container\">\n\t\t\t\t<div class=\"elementor-element elementor-element-3e1f165c elementor-position-top elementor-widget elementor-widget-image-box\" data-id=\"3e1f165c\" data-element_type=\"widget\" data-e-type=\"widget\" data-widget_type=\"image-box.default\">\n\t\t\t\t<div class=\"elementor-widget-container\">\n\t\t\t\t\t<div class=\"elementor-image-box-wrapper\"><figure class=\"elementor-image-box-img\"><a href=\"#web\" tabindex=\"-1\"><img fetchpriority=\"high\" decoding=\"async\" width=\"1224\" height=\"1106\" src=\"https:\/\/www.smartbrain.es\/smartbrain_it\/wp-content\/uploads\/2023\/12\/web-naranja.png\" class=\"elementor-animation-bob attachment-full size-full wp-image-2767\" alt=\"\" srcset=\"https:\/\/www.smartbrain.es\/smartbrain_it\/wp-content\/uploads\/2023\/12\/web-naranja.png 1224w, https:\/\/www.smartbrain.es\/smartbrain_it\/wp-content\/uploads\/2023\/12\/web-naranja-300x271.png 300w, https:\/\/www.smartbrain.es\/smartbrain_it\/wp-content\/uploads\/2023\/12\/web-naranja-1024x925.png 1024w, https:\/\/www.smartbrain.es\/smartbrain_it\/wp-content\/uploads\/2023\/12\/web-naranja-768x694.png 768w\" sizes=\"(max-width: 1224px) 100vw, 1224px\" \/><\/a><\/figure><div class=\"elementor-image-box-content\"><h3 class=\"elementor-image-box-title\"><a href=\"#web\">Professionisti<\/a><\/h3><p class=\"elementor-image-box-description\">Su misura per\nqualsiasi esigenza\na soli 599 \u20ac all'anno<br><\/p><\/div><\/div>\t\t\t\t<\/div>\n\t\t\t\t<\/div>\n\t\t\t\t<\/div>\n\t\t<div class=\"elementor-element elementor-element-478d5cd e-con-full e-flex e-con e-child\" data-id=\"478d5cd\" data-element_type=\"container\" data-e-type=\"container\">\n\t\t\t\t<div class=\"elementor-element elementor-element-0fee077 elementor-position-top elementor-widget elementor-widget-image-box\" data-id=\"0fee077\" data-element_type=\"widget\" data-e-type=\"widget\" data-widget_type=\"image-box.default\">\n\t\t\t\t<div class=\"elementor-widget-container\">\n\t\t\t\t\t<div class=\"elementor-image-box-wrapper\"><figure class=\"elementor-image-box-img\"><a href=\"#win\" tabindex=\"-1\"><img decoding=\"async\" width=\"1224\" height=\"1106\" src=\"https:\/\/www.smartbrain.es\/smartbrain_it\/wp-content\/uploads\/2023\/12\/windows-naranja.png\" class=\"elementor-animation-bob attachment-full size-full wp-image-2768\" alt=\"\" srcset=\"https:\/\/www.smartbrain.es\/smartbrain_it\/wp-content\/uploads\/2023\/12\/windows-naranja.png 1224w, https:\/\/www.smartbrain.es\/smartbrain_it\/wp-content\/uploads\/2023\/12\/windows-naranja-300x271.png 300w, https:\/\/www.smartbrain.es\/smartbrain_it\/wp-content\/uploads\/2023\/12\/windows-naranja-1024x925.png 1024w, https:\/\/www.smartbrain.es\/smartbrain_it\/wp-content\/uploads\/2023\/12\/windows-naranja-768x694.png 768w\" sizes=\"(max-width: 1224px) 100vw, 1224px\" \/><\/a><\/figure><div class=\"elementor-image-box-content\"><h3 class=\"elementor-image-box-title\"><a href=\"#win\">Individui <\/a><\/h3><p class=\"elementor-image-box-description\"><span style=\"font-size:11.0pt;line-height:107%;,sans-serif\">Comodamente da casa con qualsiasi dispositivo per soli 19,95\u20ac\/mese <\/span><br><\/p><\/div><\/div>\t\t\t\t<\/div>\n\t\t\t\t<\/div>\n\t\t\t\t<\/div>\n\t\t\t\t\t<\/div>\n\t\t\t\t<\/div>\n\t\t<div class=\"elementor-element elementor-element-4be36c0a e-con-full e-flex e-con e-parent\" data-id=\"4be36c0a\" data-element_type=\"container\" data-e-type=\"container\" id=\"web\">\n\t\t<div class=\"elementor-element elementor-element-3a1adaac e-con-full e-flex e-con e-child\" data-id=\"3a1adaac\" data-element_type=\"container\" data-e-type=\"container\">\n\t\t\t\t<div class=\"elementor-element elementor-element-439d7e73 elementor-widget elementor-widget-text-editor\" data-id=\"439d7e73\" data-element_type=\"widget\" data-e-type=\"widget\" data-widget_type=\"text-editor.default\">\n\t\t\t\t<div class=\"elementor-widget-container\">\n\t\t\t\t\t\t\t\t\t<h5 style=\"text-align: center;\"><span style=\"color: #ff6600;\"><strong>FUNZIONAMENTO DAL CLOUD<\/strong><\/span><\/h5><h5 style=\"text-align: center;\"><span style=\"color: #ff6600;\"><strong> SEMPLICE E INTUITIVO<\/strong><\/span><\/h5><p>Smartbrain pu\u00f2 essere utilizzato facilmente con qualsiasi computer, tablet, SmartTV o dispositivo con accesso a Internet, senza richiedere alcuna installazione specifica o manutenzione particolare, il che lo rende molto economico da usare e offre il miglior rapporto qualit\u00e0-prezzo.<\/p><p>Per utilizzarlo \u00e8 sufficiente acquistare una licenza per tutto il tempo necessario, che consente di accedere al programma da qualsiasi luogo, 24 ore su 24, tutti i giorni, utilizzando i codici di accesso personali forniti al momento dell&#8217;acquisto. <span style=\"text-decoration: underline;\"><a href=\"https:\/\/www.smartbrain.es\/smartbrain_it\/premium-y-basico\/\"><span lang=\"EN-US\">Cliccate qui per scoprire come funzionano le password di Smartbrain.<\/span><\/a><\/span><\/p><p>Una volta stipulato il contratto, Smartbrain pu\u00f2 essere utilizzato in modo pratico e semplice attraverso l&#8217;interazione di due ambienti di lavoro: l\u2019ambiente di tutoraggioe l&#8217;ambiente di esecuzione degli esercizi, che facilitano l&#8217;utilizzo del programma con il numero di terapisti e di utenti necessario, senza alcuna limitazione sul numero di utenti. Cliccate qui per scoprire come <span style=\"text-decoration: underline;\"><a href=\"https:\/\/www.smartbrain.es\/smartbrain_it\/detalle-supervision-por-especialistas\/\"><span style=\"color: #ff6600; text-decoration: underline;\">funzionano questi due ambienti di lavoro<\/span>.<\/a><\/span><\/p>\t\t\t\t\t\t\t\t<\/div>\n\t\t\t\t<\/div>\n\t\t\t\t<\/div>\n\t\t<div class=\"elementor-element elementor-element-5a753b03 e-con-full e-flex e-con e-child\" data-id=\"5a753b03\" data-element_type=\"container\" data-e-type=\"container\">\n\t\t\t\t<div class=\"elementor-element elementor-element-4d954798 elementor-position-top elementor-widget elementor-widget-image-box\" data-id=\"4d954798\" data-element_type=\"widget\" data-e-type=\"widget\" data-widget_type=\"image-box.default\">\n\t\t\t\t<div class=\"elementor-widget-container\">\n\t\t\t\t\t<div class=\"elementor-image-box-wrapper\"><figure class=\"elementor-image-box-img\"><img decoding=\"async\" width=\"1224\" height=\"1106\" src=\"https:\/\/www.smartbrain.es\/smartbrain_it\/wp-content\/uploads\/2023\/12\/web-blanco.png\" class=\"attachment-full size-full wp-image-2771\" alt=\"\" srcset=\"https:\/\/www.smartbrain.es\/smartbrain_it\/wp-content\/uploads\/2023\/12\/web-blanco.png 1224w, https:\/\/www.smartbrain.es\/smartbrain_it\/wp-content\/uploads\/2023\/12\/web-blanco-300x271.png 300w, https:\/\/www.smartbrain.es\/smartbrain_it\/wp-content\/uploads\/2023\/12\/web-blanco-1024x925.png 1024w, https:\/\/www.smartbrain.es\/smartbrain_it\/wp-content\/uploads\/2023\/12\/web-blanco-768x694.png 768w\" sizes=\"(max-width: 1224px) 100vw, 1224px\" \/><\/figure><div class=\"elementor-image-box-content\"><p class=\"elementor-image-box-description\">Molto semplice e pratico, utilizzo online                             da qualsiasi luogo<\/p><\/div><\/div>\t\t\t\t<\/div>\n\t\t\t\t<\/div>\n\t\t\t\t<\/div>\n\t\t\t\t<\/div>\n\t\t<div class=\"elementor-element elementor-element-b6a19f2 e-flex e-con-boxed e-con e-parent\" data-id=\"b6a19f2\" data-element_type=\"container\" data-e-type=\"container\">\n\t\t\t\t\t<div class=\"e-con-inner\">\n\t\t<div class=\"elementor-element elementor-element-1467b14 e-con-full e-flex e-con e-child\" data-id=\"1467b14\" data-element_type=\"container\" data-e-type=\"container\" data-settings=\"{&quot;background_background&quot;:&quot;classic&quot;}\">\n\t\t\t\t<div class=\"elementor-element elementor-element-ce81a0a elementor-vertical-align-top elementor-widget elementor-widget-image-box\" data-id=\"ce81a0a\" data-element_type=\"widget\" data-e-type=\"widget\" data-widget_type=\"image-box.default\">\n\t\t\t\t<div class=\"elementor-widget-container\">\n\t\t\t\t\t<div class=\"elementor-image-box-wrapper\"><figure class=\"elementor-image-box-img\"><img loading=\"lazy\" decoding=\"async\" width=\"1224\" height=\"1106\" src=\"https:\/\/www.smartbrain.es\/smartbrain_it\/wp-content\/uploads\/2023\/12\/windows-blanco.png\" class=\"attachment-full size-full wp-image-2779\" alt=\"\" srcset=\"https:\/\/www.smartbrain.es\/smartbrain_it\/wp-content\/uploads\/2023\/12\/windows-blanco.png 1224w, https:\/\/www.smartbrain.es\/smartbrain_it\/wp-content\/uploads\/2023\/12\/windows-blanco-300x271.png 300w, https:\/\/www.smartbrain.es\/smartbrain_it\/wp-content\/uploads\/2023\/12\/windows-blanco-1024x925.png 1024w, https:\/\/www.smartbrain.es\/smartbrain_it\/wp-content\/uploads\/2023\/12\/windows-blanco-768x694.png 768w\" sizes=\"(max-width: 1224px) 100vw, 1224px\" \/><\/figure><div class=\"elementor-image-box-content\"><h3 class=\"elementor-image-box-title\">Professionisti e organizzazioni: <\/h3><p class=\"elementor-image-box-description\">Soluzioni su misura per ogni esigenza<\/p><\/div><\/div>\t\t\t\t<\/div>\n\t\t\t\t<\/div>\n\t\t\t\t<\/div>\n\t\t<div class=\"elementor-element elementor-element-adb0021 e-con-full e-flex e-con e-child\" data-id=\"adb0021\" data-element_type=\"container\" data-e-type=\"container\">\n\t\t\t\t<div class=\"elementor-element elementor-element-6c3cfe5 elementor-widget elementor-widget-text-editor\" data-id=\"6c3cfe5\" data-element_type=\"widget\" data-e-type=\"widget\" data-widget_type=\"text-editor.default\">\n\t\t\t\t<div class=\"elementor-widget-container\">\n\t\t\t\t\t\t\t\t\t<h5 style=\"text-align: center;\"><span style=\"color: #ff6600;\">IL MIGLIOR STRUMENTO TERAPEUTICO PER PROFESSIONISTI E ENTIT\u00c0<\/span><\/h5><p>Smartbrain consente ai professionisti e enti che si prendono cura di anziani e gruppi affetti da deterioramento cognitivo di svolgere esercizi di stimolazione cognitiva personalizzati in base alle esigenze individuali di ciascuna persona.<\/p><p>Gli esercizi possono essere svolti di persona presso le loro sedi, con tutti gli utenti presenti necessari, senza limiti di numero.<\/p><p>E nei casi in cui gli utenti siano lontani o abbiano difficolt\u00e0 di spostamento, Smartbrain consente anche di svolgere gli esercizi da remoto, dalle case degli utenti o da qualsiasi altro luogo.<\/p><p><span style=\"color: #ff6600;\"><strong>Il costo della licenza d&#8217;uso di Smartbrain, per professionisti e enti in Spagna, \u00e8 di soli 599 euro all&#8217;anno<\/strong><\/span> per ogni centro in cui viene utilizzato il programma, senza quota di iscrizione n\u00e9 impegno di permanenza. E nel caso di contratto mensile, il costo \u00e8 di soli 59 euro al mese.<\/p><p>Queste tariffe consentono l&#8217;accesso a tutti i contenuti del programma da parte di un terapeuta e con tutti gli utenti presenti necessari. In caso di utilizzo con due o pi\u00f9 terapeuti e\/o con utenti remoti, si applicano tariffe aggiuntive. Gli importi indicati sono VAT esclusa.\u00a0 In caso di acquisto del programma per l&#8217;utilizzo al di fuori della Spagna, consultare le condizioni.<\/p><p>E acquistando la licenza d&#8217;uso del programma, per soli 149 euro\/anno in pi\u00f9, si ha accesso ai <a href=\"https:\/\/www.smartbrain.es\/smartbrain_it\/quaderni\/\"><span style=\"text-decoration: underline;\"><strong><span style=\"color: #ff6600; text-decoration: underline;\">quaderni di esercizi da svolgere<\/span> <span style=\"color: #ff6600; text-decoration: underline;\">manualmente<\/span><\/strong><\/span><\/a> con le persone meno abili nell&#8217;uso di computer e tablet.<\/p><p>Il modulo di contratto del programma \u00e8 disponibile nella <span style=\"text-decoration: underline;\"><a href=\"https:\/\/www.smartbrain.es\/smartbrain_it\/probar-y-comprar\/\">sezione acquista<\/a><\/span>.\u00a0 Se desiderate maggiori informazioni sulle opzioni di utilizzo, <a href=\"mailto: info@smartbrain.net\" target=\"_blank\" rel=\"noopener\"><span style=\"text-decoration: underline;\"><span style=\"color: #ff6600; text-decoration: underline;\">vi invitiamo a contattarci.<\/span><\/span><\/a><\/p>\t\t\t\t\t\t\t\t<\/div>\n\t\t\t\t<\/div>\n\t\t\t\t<\/div>\n\t\t\t\t\t<\/div>\n\t\t\t\t<\/div>\n\t\t<div class=\"elementor-element elementor-element-29ed334 e-flex e-con-boxed e-con e-parent\" data-id=\"29ed334\" data-element_type=\"container\" data-e-type=\"container\">\n\t\t\t\t\t<div class=\"e-con-inner\">\n\t\t<div class=\"elementor-element elementor-element-bdbe119 e-con-full e-flex e-con e-child\" data-id=\"bdbe119\" data-element_type=\"container\" data-e-type=\"container\">\n\t\t\t\t<div class=\"elementor-element elementor-element-03b7343 elementor-widget elementor-widget-text-editor\" data-id=\"03b7343\" data-element_type=\"widget\" data-e-type=\"widget\" data-widget_type=\"text-editor.default\">\n\t\t\t\t<div class=\"elementor-widget-container\">\n\t\t\t\t\t\t\t\t\t<h5 style=\"text-align: center;\"><span style=\"color: #ff6600;\">PREVENZIONE E TRATTAMENTO PER<\/span><\/h5><h5 style=\"text-align: center;\"><span style=\"color: #ff6600;\">INDIVIDUI E FAMIGLIE<\/span><\/h5><p>Smartbrain consente alle individui e alle famiglie che desiderano utilizzare il programma su prescrizione di un professionista, o su altra indicazione, di svolgere gli esercizi di stimolazione cognitiva comodamente da casa, evitando viaggi e costi inutili, e con l&#8217;eventuale supervisione di un professionista.<\/p><p><strong><span style=\"color: #ff6600;\">Il costo della licenza d&#8217;uso per privati e famiglie residenti in Spagna \u00e8 di soli 19,95 euro al mese<\/span><\/strong> per ogni persona che utilizza il programma, senza costi di attivazione n\u00e9 impegno di permanenza. \u00c8 anche possibile sottoscrivere un abbonamento pagando un anno intero in anticipo, nel qual caso il costo \u00e8 di soli 199 euro, con un risparmio del 17%. Questi importi sono comprensivi di VAT.\u00a0\u00a0<span style=\"letter-spacing: -0.1px;\">In caso di acquisto del programma per l&#8217;utilizzo al di fuori della Spagna, consultare le condizioni.<\/span><\/p><p>Il grande vantaggio della tariffa per privati \u00e8 che include l&#8217;accesso gratuito al programma per il professionista che supervisiona l&#8217;utilizzo da parte dell&#8217;utente, in modo che possa monitorare l&#8217;esecuzione degli esercizi e i risultati raggiunti senza alcun costo per lui.<\/p><p>Il modulo di contratto del programma \u00e8 disponibile nella <span style=\"text-decoration: underline;\"><a href=\"https:\/\/www.smartbrain.es\/smartbrain_it\/probar-y-comprar\/\">sezione acquista<\/a><\/span>.\u00a0 Se desiderate maggiori informazioni sulle opzioni di utilizzo, <a href=\"mailto: info@smartbrain.net\" target=\"_blank\" rel=\"noopener\"><span style=\"text-decoration: underline;\"><span style=\"color: #ff6600; text-decoration: underline;\">vi invitiamo a contattarci.<\/span><\/span><\/a><\/p>\t\t\t\t\t\t\t\t<\/div>\n\t\t\t\t<\/div>\n\t\t\t\t<\/div>\n\t\t<div class=\"elementor-element elementor-element-f9728ed e-con-full e-flex e-con e-child\" data-id=\"f9728ed\" data-element_type=\"container\" data-e-type=\"container\" data-settings=\"{&quot;background_background&quot;:&quot;classic&quot;}\">\n\t\t\t\t<div class=\"elementor-element elementor-element-3d025f0 elementor-vertical-align-top elementor-widget elementor-widget-image-box\" data-id=\"3d025f0\" data-element_type=\"widget\" data-e-type=\"widget\" data-widget_type=\"image-box.default\">\n\t\t\t\t<div class=\"elementor-widget-container\">\n\t\t\t\t\t<div class=\"elementor-image-box-wrapper\"><figure class=\"elementor-image-box-img\"><img decoding=\"async\" width=\"1224\" height=\"1106\" src=\"https:\/\/www.smartbrain.es\/smartbrain_it\/wp-content\/uploads\/2023\/12\/web-blanco.png\" class=\"attachment-full size-full wp-image-2771\" alt=\"\" srcset=\"https:\/\/www.smartbrain.es\/smartbrain_it\/wp-content\/uploads\/2023\/12\/web-blanco.png 1224w, https:\/\/www.smartbrain.es\/smartbrain_it\/wp-content\/uploads\/2023\/12\/web-blanco-300x271.png 300w, https:\/\/www.smartbrain.es\/smartbrain_it\/wp-content\/uploads\/2023\/12\/web-blanco-1024x925.png 1024w, https:\/\/www.smartbrain.es\/smartbrain_it\/wp-content\/uploads\/2023\/12\/web-blanco-768x694.png 768w\" sizes=\"(max-width: 1224px) 100vw, 1224px\" \/><\/figure><div class=\"elementor-image-box-content\"><h3 class=\"elementor-image-box-title\">Individui e famiglie<\/h3><p class=\"elementor-image-box-description\">Stimolazione cognitiva comodamente da casa<\/p><\/div><\/div>\t\t\t\t<\/div>\n\t\t\t\t<\/div>\n\t\t\t\t<\/div>\n\t\t\t\t\t<\/div>\n\t\t\t\t<\/div>\n\t\t\t\t<section class=\"elementor-section elementor-top-section elementor-element elementor-element-e83069 elementor-section-boxed elementor-section-height-default elementor-section-height-default\" data-id=\"e83069\" data-element_type=\"section\" data-e-type=\"section\" id=\"demo-prof\" data-settings=\"{&quot;background_background&quot;:&quot;slideshow&quot;,&quot;background_slideshow_gallery&quot;:[],&quot;background_slideshow_loop&quot;:&quot;yes&quot;,&quot;background_slideshow_slide_duration&quot;:5000,&quot;background_slideshow_slide_transition&quot;:&quot;fade&quot;,&quot;background_slideshow_transition_duration&quot;:500}\">\n\t\t\t\t\t\t\t<div class=\"elementor-background-overlay\"><\/div>\n\t\t\t\t\t\t\t<div class=\"elementor-container elementor-column-gap-default\">\n\t\t\t\t\t<div class=\"elementor-column elementor-col-100 elementor-top-column elementor-element elementor-element-3e5a5205\" data-id=\"3e5a5205\" data-element_type=\"column\" data-e-type=\"column\" data-settings=\"{&quot;background_background&quot;:&quot;slideshow&quot;,&quot;background_slideshow_gallery&quot;:[],&quot;background_slideshow_loop&quot;:&quot;yes&quot;,&quot;background_slideshow_slide_duration&quot;:5000,&quot;background_slideshow_slide_transition&quot;:&quot;fade&quot;,&quot;background_slideshow_transition_duration&quot;:500}\">\n\t\t\t<div class=\"elementor-widget-wrap elementor-element-populated\">\n\t\t\t\t\t\t<div class=\"elementor-element elementor-element-5ab091ee elementor-widget elementor-widget-heading\" data-id=\"5ab091ee\" data-element_type=\"widget\" data-e-type=\"widget\" data-widget_type=\"heading.default\">\n\t\t\t\t<div class=\"elementor-widget-container\">\n\t\t\t\t\t<h4 class=\"elementor-heading-title elementor-size-default\">Richiedi subito la tua prova gratuita<\/h4>\t\t\t\t<\/div>\n\t\t\t\t<\/div>\n\t\t\t\t<div class=\"elementor-element elementor-element-79e432a4 elementor-widget elementor-widget-text-editor\" data-id=\"79e432a4\" data-element_type=\"widget\" data-e-type=\"widget\" data-widget_type=\"text-editor.default\">\n\t\t\t\t<div class=\"elementor-widget-container\">\n\t\t\t\t\t\t\t\t\t<p>Se non siete sicuri di quale sia l&#8217;opzione pi\u00f9 adatta alle vostre esigenze, vi offriamo la possibilit\u00e0 di richiedere una prova gratuita di una qualsiasi di esse.<\/p>\t\t\t\t\t\t\t\t<\/div>\n\t\t\t\t<\/div>\n\t\t\t\t<div class=\"elementor-element elementor-element-361a6bca elementor-align-center elementor-widget elementor-widget-button\" data-id=\"361a6bca\" data-element_type=\"widget\" data-e-type=\"widget\" data-widget_type=\"button.default\">\n\t\t\t\t<div class=\"elementor-widget-container\">\n\t\t\t\t\t\t\t\t\t<div class=\"elementor-button-wrapper\">\n\t\t\t\t\t<a class=\"elementor-button elementor-button-link elementor-size-sm\" href=\"https:\/\/www.smartbrain.es\/smartbrain_it\/solicitar-demo\/\">\n\t\t\t\t\t\t<span class=\"elementor-button-content-wrapper\">\n\t\t\t\t\t\t\t\t\t<span class=\"elementor-button-text\">Voglio provare Smartbrain<\/span>\n\t\t\t\t\t<\/span>\n\t\t\t\t\t<\/a>\n\t\t\t\t<\/div>\n\t\t\t\t\t\t\t\t<\/div>\n\t\t\t\t<\/div>\n\t\t\t\t\t<\/div>\n\t\t<\/div>\n\t\t\t\t\t<\/div>\n\t\t<\/section>\n\t\t\t\t<\/div>\n\t\t","protected":false},"excerpt":{"rendered":"<p>Grazie a Smartbrain, sia i professionisti che i individui possono eseguire la stimolazione cognitiva in modo pratico e economico Richiedi la tua prova gratuita Professionisti Su misura per qualsiasi esigenza a soli 599 \u20ac all&#8217;anno Individui Comodamente da casa con qualsiasi dispositivo per soli 19,95\u20ac\/mese FUNZIONAMENTO DAL CLOUD SEMPLICE E INTUITIVO Smartbrain pu\u00f2 essere utilizzato&#8230;<\/p>\n","protected":false},"author":1,"featured_media":0,"parent":0,"menu_order":0,"comment_status":"closed","ping_status":"closed","template":"","meta":{"footnotes":""},"class_list":["post-2710","page","type-page","status-publish","hentry"],"aioseo_notices":[],"_links":{"self":[{"href":"https:\/\/www.smartbrain.es\/smartbrain_it\/wp-json\/wp\/v2\/pages\/2710","targetHints":{"allow":["GET"]}}],"collection":[{"href":"https:\/\/www.smartbrain.es\/smartbrain_it\/wp-json\/wp\/v2\/pages"}],"about":[{"href":"https:\/\/www.smartbrain.es\/smartbrain_it\/wp-json\/wp\/v2\/types\/page"}],"author":[{"embeddable":true,"href":"https:\/\/www.smartbrain.es\/smartbrain_it\/wp-json\/wp\/v2\/users\/1"}],"replies":[{"embeddable":true,"href":"https:\/\/www.smartbrain.es\/smartbrain_it\/wp-json\/wp\/v2\/comments?post=2710"}],"version-history":[{"count":274,"href":"https:\/\/www.smartbrain.es\/smartbrain_it\/wp-json\/wp\/v2\/pages\/2710\/revisions"}],"predecessor-version":[{"id":4830,"href":"https:\/\/www.smartbrain.es\/smartbrain_it\/wp-json\/wp\/v2\/pages\/2710\/revisions\/4830"}],"wp:attachment":[{"href":"https:\/\/www.smartbrain.es\/smartbrain_it\/wp-json\/wp\/v2\/media?parent=2710"}],"curies":[{"name":"wp","href":"https:\/\/api.w.org\/{rel}","templated":true}]}}