{"id":4486,"date":"2024-12-11T17:25:18","date_gmt":"2024-12-11T16:25:18","guid":{"rendered":"https:\/\/www.smartbrain.es\/smartbrain_it\/?page_id=4486"},"modified":"2026-01-09T12:25:54","modified_gmt":"2026-01-09T11:25:54","slug":"bienestar","status":"publish","type":"page","link":"https:\/\/www.smartbrain.es\/smartbrain_it\/bienestar\/","title":{"rendered":"Bienestar"},"content":{"rendered":"\t\t<div data-elementor-type=\"wp-page\" data-elementor-id=\"4486\" class=\"elementor elementor-4486\">\n\t\t\t\t<div class=\"elementor-element elementor-element-59586aeb e-flex e-con-boxed e-con e-parent\" data-id=\"59586aeb\" data-element_type=\"container\" data-e-type=\"container\">\n\t\t\t\t\t<div class=\"e-con-inner\">\n\t\t\t\t<div class=\"elementor-element elementor-element-5f270f3b elementor-widget elementor-widget-heading\" data-id=\"5f270f3b\" data-element_type=\"widget\" data-e-type=\"widget\" data-widget_type=\"heading.default\">\n\t\t\t\t<div class=\"elementor-widget-container\">\n\t\t\t\t\t<h2 class=\"elementor-heading-title elementor-size-default\">Con Smartbrain puoi prevenire la perdita delle capacit\u00e0 cognitive,<br><br>\n\nper mantenere pi\u00f9 a lungo il tuo benessere e la tua qualit\u00e0 di vita.<br><\/h2>\t\t\t\t<\/div>\n\t\t\t\t<\/div>\n\t\t\t\t<div class=\"elementor-element elementor-element-705ac563 elementor-widget elementor-widget-text-editor\" data-id=\"705ac563\" data-element_type=\"widget\" data-e-type=\"widget\" data-widget_type=\"text-editor.default\">\n\t\t\t\t<div class=\"elementor-widget-container\">\n\t\t\t\t\t\t\t\t\t<p>\u00a0<\/p><p>Tutte le attivit\u00e0 offerte dal programma Smartbrain, che sono gi\u00e0 pi\u00f9 di 220, hanno diversi livelli di difficolt\u00e0, dal pi\u00f9 semplice al pi\u00f9 complesso.<\/p><p>Sono proprio i livelli pi\u00f9 complessi che aiutano a prevenire la perdita delle capacit\u00e0 cognitive, poich\u00e9 presentano situazioni la cui risoluzione richiede tempo, acutezza mentale e una grande capacit\u00e0 di ragionamento, anche quando le capacit\u00e0 cognitive sono ancora in perfetta forma.<\/p><p>L&#8217;esecuzione di questi esercizi ad alta difficolt\u00e0 genera una riserva cognitiva, che \u00e8 proprio ci\u00f2 che aiuta a prevenire la perdita delle capacit\u00e0 e, nel caso in cui queste vengano perse, a minimizzarne l&#8217;impatto e a mantenere l&#8217;autonomia personale pi\u00f9 a lungo.<\/p>\t\t\t\t\t\t\t\t<\/div>\n\t\t\t\t<\/div>\n\t\t\t\t\t<\/div>\n\t\t\t\t<\/div>\n\t\t<div class=\"elementor-element elementor-element-3f9982e1 e-con-full e-flex e-con e-parent\" data-id=\"3f9982e1\" data-element_type=\"container\" data-e-type=\"container\" id=\"profesional02\">\n\t\t<div class=\"elementor-element elementor-element-5b3341d6 e-con-full e-flex e-con e-child\" data-id=\"5b3341d6\" data-element_type=\"container\" data-e-type=\"container\">\n\t\t\t\t<div class=\"elementor-element elementor-element-ecb03ce elementor-widget elementor-widget-text-editor\" data-id=\"ecb03ce\" data-element_type=\"widget\" data-e-type=\"widget\" data-widget_type=\"text-editor.default\">\n\t\t\t\t<div class=\"elementor-widget-container\">\n\t\t\t\t\t\t\t\t\t<p><img decoding=\"async\" src=\"https:\/\/www.smartbrain.es\/smartbrain_it\/wp-content\/uploads\/2025\/09\/ISO-nuevo-200-it.png\" alt=\"\" width=\"200\" height=\"200\" \/><\/p><p>\u00a0<\/p><p>Maggiore e pi\u00f9 forte \u00e8 la riserva cognitiva accumulata, maggiore sar\u00e0 il benessere e la qualit\u00e0 della vita.<\/p><p>Con le attivit\u00e0 di Smartbrain puoi potenziare tutte le capacit\u00e0 cognitive e prevenirne la perdita:<\/p><p>\u00a0<\/p><p><strong>MEMORIA \u2013 LINGUAGGIO \u2013 CALCOLO \u2013 ATTENZIONE \u2013 ORIENTAMENTO \u2013 RICONOSCIMENTO \u2013 FUNZIONI ESECUTIVE<\/strong><\/p><p>Memoria di lavoro \u2013 Ragionamento logico \u2013 Calcolo mentale \u2013 Coordinazione occhio-mano \u2013 Lettura e scrittura<\/p><p>Motricit\u00e0 fine \u2013 Velocit\u00e0 di elaborazione \u2013 Discriminazione \u2013 Astrazione&#8230;<\/p>\t\t\t\t\t\t\t\t<\/div>\n\t\t\t\t<\/div>\n\t\t\t\t<\/div>\n\t\t\t\t<\/div>\n\t\t<div class=\"elementor-element elementor-element-8f83591 e-con-full e-flex e-con e-parent\" data-id=\"8f83591\" data-element_type=\"container\" data-e-type=\"container\">\n\t\t<div class=\"elementor-element elementor-element-733bc007 e-con-full e-flex e-con e-child\" data-id=\"733bc007\" data-element_type=\"container\" data-e-type=\"container\">\n\t\t\t\t<div class=\"elementor-element elementor-element-6e26be6b elementor-widget elementor-widget-text-editor\" data-id=\"6e26be6b\" data-element_type=\"widget\" data-e-type=\"widget\" data-widget_type=\"text-editor.default\">\n\t\t\t\t<div class=\"elementor-widget-container\">\n\t\t\t\t\t\t\t\t\t<p>Partendo da una situazione in cui le capacit\u00e0 cognitive non sono compromesse, per utilizzare il programma Smartbrain con l&#8217;obiettivo di prevenirne la perdita, sei contemporaneamente tutor e utente e gestisci autonomamente l&#8217;uso del programma.<\/p><p>Ti invitiamo a provare quanto sia semplice e intuitivo utilizzare Smartbrain a scopo preventivo, richiedendo la prova gratuita del programma. Possiamo anche organizzare una videochiamata per mostrarti come funziona Smartbrain.<\/p><p>Per farlo, o per ricevere ulteriori informazioni su Smartbrain,\u00a0<a style=\"font-size: 17px; background-color: #f8f9f9;\" href=\"mailto: info@smartbrain.net\" target=\"_blank\" rel=\"noopener\"><span style=\"text-decoration-line: underline;\"><span style=\"color: #ffff00;\">Vi invitiamo inoltre a contattarci<\/span><\/span><\/a><\/p>\t\t\t\t\t\t\t\t<\/div>\n\t\t\t\t<\/div>\n\t\t\t\t<\/div>\n\t\t\t\t<\/div>\n\t\t\t\t<\/div>\n\t\t","protected":false},"excerpt":{"rendered":"<p>Con Smartbrain puoi prevenire la perdita delle capacit\u00e0 cognitive, per mantenere pi\u00f9 a lungo il tuo benessere e la tua qualit\u00e0 di vita. \u00a0 Tutte le attivit\u00e0 offerte dal programma Smartbrain, che sono gi\u00e0 pi\u00f9 di 220, hanno diversi livelli di difficolt\u00e0, dal pi\u00f9 semplice al pi\u00f9 complesso. Sono proprio i livelli pi\u00f9 complessi che&#8230;<\/p>\n","protected":false},"author":1,"featured_media":0,"parent":0,"menu_order":0,"comment_status":"closed","ping_status":"closed","template":"","meta":{"footnotes":""},"class_list":["post-4486","page","type-page","status-publish","hentry"],"aioseo_notices":[],"_links":{"self":[{"href":"https:\/\/www.smartbrain.es\/smartbrain_it\/wp-json\/wp\/v2\/pages\/4486","targetHints":{"allow":["GET"]}}],"collection":[{"href":"https:\/\/www.smartbrain.es\/smartbrain_it\/wp-json\/wp\/v2\/pages"}],"about":[{"href":"https:\/\/www.smartbrain.es\/smartbrain_it\/wp-json\/wp\/v2\/types\/page"}],"author":[{"embeddable":true,"href":"https:\/\/www.smartbrain.es\/smartbrain_it\/wp-json\/wp\/v2\/users\/1"}],"replies":[{"embeddable":true,"href":"https:\/\/www.smartbrain.es\/smartbrain_it\/wp-json\/wp\/v2\/comments?post=4486"}],"version-history":[{"count":22,"href":"https:\/\/www.smartbrain.es\/smartbrain_it\/wp-json\/wp\/v2\/pages\/4486\/revisions"}],"predecessor-version":[{"id":4794,"href":"https:\/\/www.smartbrain.es\/smartbrain_it\/wp-json\/wp\/v2\/pages\/4486\/revisions\/4794"}],"wp:attachment":[{"href":"https:\/\/www.smartbrain.es\/smartbrain_it\/wp-json\/wp\/v2\/media?parent=4486"}],"curies":[{"name":"wp","href":"https:\/\/api.w.org\/{rel}","templated":true}]}}